0. Suppose 5*b + 3*w + 6 = 4*b, -b + o*w = -18. What is the remainder when 7 is divided by b?
1
Let c be ((-26)/(-3))/((-10)/(-15)). Suppose c - 62 = -u. Calculate the remainder when u is divided by 17.
15
Suppose 2*b = -2*x + 14, 37 + 9 = 3*x - 2*b. What is the remainder when 129 is divided by x?
9
Suppose -4*f = 12, 0 = 3*a - 2*f - 108 + 39. Let r(d) = -d**3 + 7*d**2 + 7*d + 7. Let m be r(8). What is the remainder when 7 is divided by m/4 - a/(-4)?
2
Let b(m) = -2*m - 12*m**2 - 4*m - 11 + m**3 - 5*m - 5. What is the remainder when 18 is divided by b(13)?
8
Let m(n) = n - 5. Let g be m(7). Suppose 0 = 5*c - g*i - 0*i - 15, 3*c + i - 20 = 0. Suppose -11 = -c*h + 4. Calculate the remainder when 5 is divided by h.
2
Let w(o) = o**2 + 14*o - 3. What is the remainder when 56 is divided by w(-15)?
8
Let g = -19 + 46. What is the remainder when g is divided by 15?
12
Suppose 0 = -16*h + 1802 - 378. Calculate the remainder when h is divided by 7.
5
Let w(y) = 3*y - 2. Calculate the remainder when 35 is divided by w(5).
9
Let g(o) = o**3 - 6*o**2 + 5*o + 1. Let w be g(5). Let s(b) = -2*b**2 - w + 3 - 5*b**3 + 4*b - 3*b. Calculate the remainder when s(-2) is divided by 11.
10
Let y(n) = n**3 - 9*n**2 + 9*n + 1. Let t be y(8). Suppose o = 5*u + t, -5*u + u - 100 = -4*o. Calculate the remainder when o is divided by 8.
5
What is the remainder when 19 + (2/(-2) - -4) is divided by 8?
6
Let p = 49 + 101. Calculate the remainder when p is divided by 17.
14
Suppose 9 = -3*a + 21, -3*a + 327 = 3*o. Calculate the remainder when o is divided by 27.
24
Let m(o) = 2*o**2 + o. Let x be m(-2). Let f(r) = 0*r**2 + r**2 + 2 - r**3 + 5*r + 5*r**2. Calculate the remainder when f(x) is divided by 11.
10
Suppose 2*n = -n + 24. Suppose -7*l + n*l = 11. Calculate the remainder when l is divided by 4.
3
Suppose 2*r + 3*r - 160 = 0. Calculate the remainder when r is divided by 18.
14
Suppose -2*x + 44 = -2*o, -5*x + 74 = 2*o - 29. What is the remainder when 32 is divided by x?
11
What is the remainder when 130 is divided by (6/4 - -4)/((-2)/(-4))?
9
Let m = -73 - -99. What is the remainder when m is divided by 14?
12
Suppose -4*n = -24 + 4, 4*o = -5*n + 473. What is the remainder when o is divided by 38?
36
Let r = 234 + -152. What is the remainder when r is divided by 14?
12
What is the remainder when (-33)/(-1) - (6 - 3) is divided by 8?
6
Let m(q) = -3*q**2 - 45*q - 18. Let c(g) = -31*g. What is the remainder when c(-3) is divided by m(-14)?
21
Let n be 120/18*(-6)/(-4). Calculate the remainder when 11 is divided by (-9)/15 + 46/n.
3
Suppose -5*t + 3 = -2*t. Let n be 6 + t - 2*1. Suppose 0 = n*i + 15 - 110. What is the remainder when i is divided by 10?
9
Let u(w) = -w**2 + 11*w - 5. Let m be u(12). Let k = m - -8. Calculate the remainder when (-327)/k - (-2)/3 is divided by 13.
11
Let t(v) be the second derivative of -v**3/3 + 2*v**2 - 4*v. Calculate the remainder when 22 is divided by t(-4).
10
Let p be 76/(-10) + 4/(-10). Let t be (42/(-24))/((-2)/p). What is the remainder when 29 is divided by t/28 - (-41)/4?
9
Let h = -10 - -13. Calculate the remainder when (h/(-6))/(2/(-164)) is divided by 14.
13
Let h be 1/((-2)/(-10 - 2)). Suppose -2*s - 4*n + 4 = 0, -h = -3*s - n - 4*n. Suppose -s*o = -3*o + 6. What is the remainder when 11 is divided by o?
5
Let h = 31 + -17. Calculate the remainder when 38 is divided by h.
10
What is the remainder when (-2592)/(-30) - (-3)/5 is divided by 22?
21
Let i(z) = -2*z**3 - z**2 - 3*z - 2. Let d = -4 - -2. Let y = 8 + 1. Calculate the remainder when i(d) is divided by y.
7
Suppose c - 2 = -4*z - 8, -2*c + 5*z + 14 = 0. Suppose w - c*w + 26 = 0. Calculate the remainder when w is divided by 9.
8
Suppose 158 = 2*c - 0*c. What is the remainder when c is divided by 20?
19
What is the remainder when (-2 + 3)/(2/106) is divided by 14?
11
Let v(n) = -2*n**2 + 19*n + 5. Calculate the remainder when 50 is divided by v(9).
8
Suppose 0*s - 2*s + 24 = 0. Suppose 2*t - 3*w - 57 = 0, -t + 3*t = -2*w + 72. What is the remainder when t is divided by s?
9
Suppose -117 = -5*c - 27. Suppose -c - 6 = -3*p. Calculate the remainder when 9 - (2*-2 + (-27)/27) is divided by p.
6
Let k(q) = q**2 - 15. What is the remainder when k(8) is divided by 20?
9
Let l = 4 - 4. Suppose l = 3*d + 2*d. What is the remainder when 28 is divided by -1*(0 + -15 + d)?
13
Let n(y) = 3*y**2 + y + 1. Suppose 20 = 2*i + 3*i - 5*j, -2*i + 8 = -j. Suppose -2*b = i - 0. What is the remainder when n(b) is divided by 6?
5
Let u = -23 + 48. What is the remainder when 69 is divided by u?
19
Suppose -4*i = 18 - 46. Suppose 4*s - 2*n - 341 = -55, s - 4*n = 54. Calculate the remainder when (-1)/3 - s/(-6) is divided by i.
5
Let w be 85 - 1 - (-12)/(-4). Suppose 3*q = 111 + w. What is the remainder when q is divided by 22?
20
Suppose -l - 3*s + 33 + 14 = 0, -5*l = 4*s - 290. Let h = 28 + -12. What is the remainder when l is divided by h?
14
Let q be (-9)/(-36) - (-6)/8. Suppose 4*t - 25 = -s, -4*s + t + 46 = -t. What is the remainder when s is divided by (4 - q) + 28/7?
6
Calculate the remainder when (180/14)/((-3)/(-14)) is divided by 16.
12
Suppose 0 = j - 2 - 8. Calculate the remainder when 88 is divided by j.
8
Let n = 42 - 34. Calculate the remainder when 27 is divided by n.
3
Let l(t) = -28*t - 1. Let y = 2 + -4. Calculate the remainder when l(y) is divided by 19.
17
Let i(t) = 2*t - 9 - 2*t + 3*t - 2*t. Let w be i(8). What is the remainder when 50 is divided by -9*(-5 + 3) + w?
16
Let g = 132 + -58. Suppose -4*l + g = l + 3*f, -3*l + f = -36. What is the remainder when 50 is divided by l?
11
Suppose 12*u + 129 - 681 = 0. Calculate the remainder when u is divided by 24.
22
Calculate the remainder when -9*-4*(14/(-4) + 4) is divided by 7.
4
Let q(p) = 2*p**2 + 12*p + 6. Let s be q(-9). Suppose f - 6*f = -s. Calculate the remainder when 22 is divided by f.
10
Let v be (-14)/4 + 1/(-2). Let a(l) = 1 + 3*l + l - 7*l + 0. Calculate the remainder when a(v) is divided by 5.
3
Let t be -10*((-4)/4 + -1). Suppose 2*y - 20 = -0*y + 4*x, -2*x + t = 4*y. What is the remainder when 9 is divided by y?
3
Let j(a) = -5*a + 4. What is the remainder when j(-4) is divided by 10?
4
Suppose -3*o = -l - 4, 3 = o + o - l. Suppose -2*q + 18 = 4*y, -2*q - 2*y + 10 = -0*y. Calculate the remainder when q is divided by o.
0
Let o = 37 + 49. Calculate the remainder when o is divided by 22.
20
Let s(l) = -11*l**2 - 2*l - 1. Let w be s(-1). Let t = -12 + 41. What is the remainder when t is divided by (1 + 2)/((-3)/w)?
9
Let r = 127 - 54. What is the remainder when r is divided by 37?
36
Let y(w) = -w**3 + w**2 + 2. Suppose 0 = 2*z + 2*z + 20. Let c = z - -13. What is the remainder when y(-2) is divided by c?
6
Let b = 33 + -15. Calculate the remainder when 63 is divided by b.
9
Let x be (-2 - (-5)/1) + -24. Let f be 1/(x/(-6) - 3). Suppose k - 4*k - 41 = -2*b, f*b = -k + 61. Calculate the remainder when b is divided by 15.
13
Let b be ((-308)/35)/((-4)/30). Let i = b + -46. Suppose 24 = 4*r - 0*a + 2*a, -2*r + 4*a = -22. What is the remainder when i is divided by r?
6
Let m(r) = r**3 - 2*r**2 - r - 4. Let z be m(3). Suppose -20 = -5*q - 0*q. What is the remainder when (-15)/z*8/(-10) is divided by q?
2
Suppose -5*o + 12 = -3*q + 4*q, -2*q + 24 = 5*o. What is the remainder when q is divided by 1/(2 + (-26)/14)?
5
Suppose 176 = 4*g + 4*z - 412, -2*z - 441 = -3*g. What is the remainder when g is divided by 26?
17
Let l = -15 - -32. Let t be ((-6)/9)/1*-3. Suppose 2*a - t*d = 22, -4*d - 35 = -5*a + 15. Calculate the remainder when l is divided by a.
5
Let y be (9/(-2))/((-1)/2). Let s = -6 + y. Suppose -4*d + s = -1. Calculate the remainder when 2 is divided by d.
0
Let s(k) = -2*k**2 - k. Let j be s(2). Let t = -5 + 21. Let a = j + t. What is the remainder when 10 is divided by a?
4
Let a = -3 + 6. Suppose a*p - 38 - 109 = 0. Suppose -5*f + 5*h + 80 = 0, -28 = -2*f - 4*h + 10. What is the remainder when p is divided by f?
15
Suppose 5*l - 15 - 5 = 0. Suppose -4 = l*q - 60. What is the remainder when 41 is divided by q?
13
Let k = -388 - -482. Suppose 0 = -2*r + r + 19. What is the remainder when k is divided by r?
18
Let b = 125 + -122. Calculate the remainder when 29 is divided by b.
2
Let x(p) = -p - 6. Let b be x(